{"id":658,"date":"2020-03-09T14:41:01","date_gmt":"2020-03-09T13:41:01","guid":{"rendered":"https:\/\/www.utez-celje.si\/newpage\/?page_id=658"},"modified":"2020-05-24T14:36:00","modified_gmt":"2020-05-24T12:36:00","slug":"tehtnice-na-grabilcih-nakladalcih","status":"publish","type":"page","link":"https:\/\/www.utez-celje.si\/newpage\/tehtnice-na-grabilcih-nakladalcih\/","title":{"rendered":"Tehtnice na grabilcih, nakladalcih"},"content":{"rendered":"\t\t<div data-elementor-type=\"wp-post\" data-elementor-id=\"658\" class=\"elementor elementor-658\" data-elementor-post-type=\"page\">\n\t\t\t\t\t\t<section class=\"elementor-section elementor-top-section elementor-element elementor-element-f1e2055 elementor-section-full_width elementor-section-height-default elementor-section-height-default\" data-id=\"f1e2055\" data-element_type=\"section\" data-settings=\"{&quot;background_background&quot;:&quot;classic&quot;,&quot;_ha_eqh_enable&quot;:false}\">\n\t\t\t\t\t\t<div class=\"elementor-container elementor-column-gap-default\">\n\t\t\t\t\t<div class=\"elementor-column elementor-col-100 elementor-top-column elementor-element elementor-element-18dcf3c\" data-id=\"18dcf3c\" data-element_type=\"column\" data-settings=\"{&quot;background_background&quot;:&quot;classic&quot;}\">\n\t\t\t<div class=\"elementor-widget-wrap elementor-element-populated\">\n\t\t\t\t\t<div class=\"elementor-background-overlay\"><\/div>\n\t\t\t\t\t\t<div class=\"elementor-element elementor-element-4895c84 elementor-widget elementor-widget-heading\" data-id=\"4895c84\" data-element_type=\"widget\" data-widget_type=\"heading.default\">\n\t\t\t\t<div class=\"elementor-widget-container\">\n\t\t\t<h1 class=\"elementor-heading-title elementor-size-default\">TEHTNICE NA GRABILCIH, NAKLADALCIH<\/h1>\t\t<\/div>\n\t\t\t\t<\/div>\n\t\t\t\t<div class=\"elementor-element elementor-element-8e20c59 elementor-widget elementor-widget-text-editor\" data-id=\"8e20c59\" data-element_type=\"widget\" data-widget_type=\"text-editor.default\">\n\t\t\t\t<div class=\"elementor-widget-container\">\n\t\t\t\t\t\t\t<p>Tehtanje ob nakladanju<\/p>\t\t\t\t\t\t<\/div>\n\t\t\t\t<\/div>\n\t\t\t\t\t<\/div>\n\t\t<\/div>\n\t\t\t\t\t<\/div>\n\t\t<\/section>\n\t\t\t\t<section class=\"elementor-section elementor-top-section elementor-element elementor-element-4c31499a elementor-section-content-middle elementor-section-boxed elementor-section-height-default elementor-section-height-default\" data-id=\"4c31499a\" data-element_type=\"section\" data-settings=\"{&quot;background_background&quot;:&quot;gradient&quot;,&quot;_ha_eqh_enable&quot;:false}\">\n\t\t\t\t\t\t<div class=\"elementor-container elementor-column-gap-default\">\n\t\t\t\t\t<div class=\"elementor-column elementor-col-100 elementor-top-column elementor-element elementor-element-65177096\" data-id=\"65177096\" data-element_type=\"column\">\n\t\t\t<div class=\"elementor-widget-wrap elementor-element-populated\">\n\t\t\t\t\t\t<div class=\"elementor-element elementor-element-50450823 elementor-widget elementor-widget-heading\" data-id=\"50450823\" data-element_type=\"widget\" data-widget_type=\"heading.default\">\n\t\t\t\t<div class=\"elementor-widget-container\">\n\t\t\t<h1 class=\"elementor-heading-title elementor-size-default\">Tehtnice na raznih grabilcih (greiferjih), dvigalih in delovnih strojih  <\/h1>\t\t<\/div>\n\t\t\t\t<\/div>\n\t\t\t\t<section class=\"elementor-section elementor-inner-section elementor-element elementor-element-103013d elementor-section-boxed elementor-section-height-default elementor-section-height-default\" data-id=\"103013d\" data-element_type=\"section\" data-settings=\"{&quot;_ha_eqh_enable&quot;:false}\">\n\t\t\t\t\t\t<div class=\"elementor-container elementor-column-gap-default\">\n\t\t\t\t\t<div class=\"elementor-column elementor-col-100 elementor-inner-column elementor-element elementor-element-244cb98\" data-id=\"244cb98\" data-element_type=\"column\">\n\t\t\t<div class=\"elementor-widget-wrap elementor-element-populated\">\n\t\t\t\t\t\t<div class=\"elementor-element elementor-element-015a57b elementor-widget elementor-widget-text-editor\" data-id=\"015a57b\" data-element_type=\"widget\" data-widget_type=\"text-editor.default\">\n\t\t\t\t<div class=\"elementor-widget-container\">\n\t\t\t\t\t\t\t<p>Potrebe po alternativnih oz. druga\u010dnih oblikah tehtanja so z razvojem tehnologije, vedno ve\u010djimi zahtevami po kraj\u0161em odzivnem \u010dasu, prostorskimi\u00a0 stiskami ter podobnimi izzivi\u00a0 vedno ve\u010dje. V podjetju Ute\u017e d.o.o. dosledno sledimo tem trendom in zahtevam in vam lahko v sodelovanju s na\u0161imi doma\u010dimi in tujimi poslovnimi partnerji ob \u017ee opisanih mo\u017enostih kot je tehtanje na vili\u010darjih ipd. ponudimo tudi velik razpon razli\u010dnih mo\u017enosti tehtanja na raznih nakladalnih in transportnih napravah. Tehtalni sistem vam lahko vgradimo na va\u0161 grabilec, delovni stroj ali tirno dvigalo. V kombinaciji s na\u0161o programsko opremo , lahko na ta na\u010din u\u010dinkovito spremljate nakladanje tovornega vozila brez potrebe po zamudnem vmesnem preverjanju te\u017ee na kamionski tehtnici in dodajanju te\u017ee v primeru nezadostne nalo\u017eenosti vozila, ali \u0161e huje razkladanju preve\u010d nalo\u017eenega vozila.\u00a0 \u00a0 Enako velja za tehtnice na delovnih strojih. Zakonodaja namre\u010d med drugim odgovornost za preve\u010d nalo\u017eeno vozilo pripisuje tudi tistemu, ki je vozilo nalo\u017eil in ne samo prevozniku. V podjetjih , kjer uporabljajo tirna dvigala, je namestitev tehtnice na le to zagotovo zadetek v polno. Tehtnico s dvigalom enostavno pripeljete na mesto, kjer je v proizvodnem prostoru potrebno izvesti tehtanje, nakladanje tovornega vozila\u00a0in tehtanje sta tesno povezani dejanji, izguba \u010dasa povezanega s tehtanjem pa se lahko meri v sekundah.<\/p>\t\t\t\t\t\t<\/div>\n\t\t\t\t<\/div>\n\t\t\t\t\t<\/div>\n\t\t<\/div>\n\t\t\t\t\t<\/div>\n\t\t<\/section>\n\t\t\t\t\t<\/div>\n\t\t<\/div>\n\t\t\t\t\t<\/div>\n\t\t<\/section>\n\t\t\t\t<section class=\"elementor-section elementor-top-section elementor-element elementor-element-2d493bb8 elementor-section-stretched elementor-section-content-middle elementor-section-boxed elementor-section-height-default elementor-section-height-default\" data-id=\"2d493bb8\" data-element_type=\"section\" data-settings=\"{&quot;stretch_section&quot;:&quot;section-stretched&quot;,&quot;background_background&quot;:&quot;classic&quot;,&quot;_ha_eqh_enable&quot;:false}\">\n\t\t\t\t\t\t\t<div class=\"elementor-background-overlay\"><\/div>\n\t\t\t\t\t\t\t<div class=\"elementor-container elementor-column-gap-default\">\n\t\t\t\t\t<div class=\"elementor-column elementor-col-50 elementor-top-column elementor-element elementor-element-20477883\" data-id=\"20477883\" data-element_type=\"column\">\n\t\t\t<div class=\"elementor-widget-wrap elementor-element-populated\">\n\t\t\t\t\t\t<div class=\"elementor-element elementor-element-41092936 elementor-widget elementor-widget-heading\" data-id=\"41092936\" data-element_type=\"widget\" data-widget_type=\"heading.default\">\n\t\t\t\t<div class=\"elementor-widget-container\">\n\t\t\t<h4 class=\"elementor-heading-title elementor-size-default\">Potrebujete ve\u010d informacij?<\/h4>\t\t<\/div>\n\t\t\t\t<\/div>\n\t\t\t\t<div class=\"elementor-element elementor-element-14641a44 elementor-widget-divider--view-line elementor-widget elementor-widget-divider\" data-id=\"14641a44\" data-element_type=\"widget\" data-widget_type=\"divider.default\">\n\t\t\t\t<div class=\"elementor-widget-container\">\n\t\t\t\t\t<div class=\"elementor-divider\">\n\t\t\t<span class=\"elementor-divider-separator\">\n\t\t\t\t\t\t<\/span>\n\t\t<\/div>\n\t\t\t\t<\/div>\n\t\t\t\t<\/div>\n\t\t\t\t<div class=\"elementor-element elementor-element-236a358e elementor-widget elementor-widget-heading\" data-id=\"236a358e\" data-element_type=\"widget\" data-widget_type=\"heading.default\">\n\t\t\t\t<div class=\"elementor-widget-container\">\n\t\t\t<div class=\"elementor-heading-title elementor-size-default\">kontaktirajte <b>nas<\/b><\/div>\t\t<\/div>\n\t\t\t\t<\/div>\n\t\t\t\t<div class=\"elementor-element elementor-element-652870a9 elementor-widget elementor-widget-text-editor\" data-id=\"652870a9\" data-element_type=\"widget\" data-widget_type=\"text-editor.default\">\n\t\t\t\t<div class=\"elementor-widget-container\">\n\t\t\t\t\t\t\t<p>z veseljem bomo odgovorili na va\u0161e vpra\u0161anje<\/p>\t\t\t\t\t\t<\/div>\n\t\t\t\t<\/div>\n\t\t\t\t\t<\/div>\n\t\t<\/div>\n\t\t\t\t<div class=\"elementor-column elementor-col-50 elementor-top-column elementor-element elementor-element-7d650605\" data-id=\"7d650605\" data-element_type=\"column\">\n\t\t\t<div class=\"elementor-widget-wrap elementor-element-populated\">\n\t\t\t\t\t\t<div class=\"elementor-element elementor-element-241bf488 elementor-align-right elementor-widget elementor-widget-button\" data-id=\"241bf488\" data-element_type=\"widget\" data-widget_type=\"button.default\">\n\t\t\t\t<div class=\"elementor-widget-container\">\n\t\t\t\t\t<div class=\"elementor-button-wrapper\">\n\t\t\t<a class=\"elementor-button elementor-button-link elementor-size-sm\" href=\"https:\/\/www.utez-celje.si\/newpage\/kontakt\/\">\n\t\t\t\t\t\t<span class=\"elementor-button-content-wrapper\">\n\t\t\t\t\t\t<span class=\"elementor-button-icon\">\n\t\t\t\t<i aria-hidden=\"true\" class=\"fas fa-arrow-right\"><\/i>\t\t\t<\/span>\n\t\t\t\t\t\t\t\t\t<span class=\"elementor-button-text\">KONTAKT<\/span>\n\t\t\t\t\t<\/span>\n\t\t\t\t\t<\/a>\n\t\t<\/div>\n\t\t\t\t<\/div>\n\t\t\t\t<\/div>\n\t\t\t\t\t<\/div>\n\t\t<\/div>\n\t\t\t\t\t<\/div>\n\t\t<\/section>\n\t\t\t\t<\/div>\n\t\t","protected":false},"excerpt":{"rendered":"<p>TEHTNICE NA GRABILCIH, NAKLADALCIH Tehtanje ob nakladanju Tehtnice na raznih grabilcih (greiferjih), dvigalih in delovnih strojih Potrebe po alternativnih oz. druga\u010dnih oblikah tehtanja so z razvojem tehnologije, vedno ve\u010djimi zahtevami po kraj\u0161em odzivnem \u010dasu, prostorskimi&nbsp; stiskami ter podobnimi izzivi&nbsp; vedno ve\u010dje. V podjetju Ute\u017e d.o.o. dosledno sledimo tem trendom in zahtevam in vam lahko v [&hellip;]<\/p>\n","protected":false},"author":2,"featured_media":0,"parent":0,"menu_order":0,"comment_status":"closed","ping_status":"closed","template":"elementor_header_footer","meta":{"_seopress_robots_primary_cat":"","_seopress_titles_title":"Tehtnice na grabilcih, nakladalcih %%sep%% %%sitetitle%%","_seopress_titles_desc":"Tehtnice na raznih grabilcih (greiferjih), dvigalih in delovnih strojih. Potrebe po alternativnih oz. druga\u010dnih oblikah tehtanja so z razvojem tehnologije, vedno ve\u010djimi zahtevami po kraj\u0161em odzivnem \u010dasu, prostorskimi  stiskami ter podobnimi izzivi  vedno ve\u010dje. ","_seopress_robots_index":"","footnotes":""},"_links":{"self":[{"href":"https:\/\/www.utez-celje.si\/newpage\/wp-json\/wp\/v2\/pages\/658"}],"collection":[{"href":"https:\/\/www.utez-celje.si\/newpage\/wp-json\/wp\/v2\/pages"}],"about":[{"href":"https:\/\/www.utez-celje.si\/newpage\/wp-json\/wp\/v2\/types\/page"}],"author":[{"embeddable":true,"href":"https:\/\/www.utez-celje.si\/newpage\/wp-json\/wp\/v2\/users\/2"}],"replies":[{"embeddable":true,"href":"https:\/\/www.utez-celje.si\/newpage\/wp-json\/wp\/v2\/comments?post=658"}],"version-history":[{"count":19,"href":"https:\/\/www.utez-celje.si\/newpage\/wp-json\/wp\/v2\/pages\/658\/revisions"}],"predecessor-version":[{"id":941,"href":"https:\/\/www.utez-celje.si\/newpage\/wp-json\/wp\/v2\/pages\/658\/revisions\/941"}],"wp:attachment":[{"href":"https:\/\/www.utez-celje.si\/newpage\/wp-json\/wp\/v2\/media?parent=658"}],"curies":[{"name":"wp","href":"https:\/\/api.w.org\/{rel}","templated":true}]}}